 multiple of 2?
False
Is 1425 a factor of 87534992?
False
Is 21567234 a multiple of 64?
False
Is 143 a factor of 1170019?
False
Is 307239628 a multiple of 1200?
False
Is 110700912 a multiple of 204?
False
Does 231 divide 29349976?
False
Is 193 a factor of 264921064?
True
Is 120 a factor of 4261200?
True
Is 1008 a factor of 1936971697?
False
Does 70 divide 1644640480?
True
Does 58 divide 33103674?
True
Is 369 a factor of 4714965765?
True
Does 7218 divide 375719557?
False
Is 1609 a factor of 119944514?
True
Is 269 a factor of 67210938?
False
Does 105 divide 15610659?
False
Is 11 a factor of 33454641?
True
Does 30 divide 307264980?
True
Is 160 a factor of 1721978?
False
Is 1755093312 a multiple of 112?
True
Does 16 divide 111316098?
False
Is 788554660 a multiple of 131?
False
Is 410 a factor of 759575014?
False
Does 124 divide 901294620?
True
Is 520083796 a multiple of 199?
False
Is 1973 a factor of 131762859?
True
Does 64 divide 2240481536?
True
Is 647441698 a multiple of 113?
False
Does 2493 divide 438907608?
True
Is 582 a factor of 94042470?
True
Is 9551872 a multiple of 704?
True
Is 2425 a factor of 229381236?
False
Is 2514 a factor of 699176082?
True
Is 8346562 a multiple of 1127?
True
Is 144 a factor of 360014256?
True
Does 21 divide 485071380?
False
Does 1101 divide 278008005?
True
Does 1043 divide 330094898?
True
Is 2201343411 a multiple of 2925?
False
Is 2441172 a multiple of 12?
True
Does 10 divide 380943060?
True
Is 44 a factor of 20842228?
True
Is 2 a factor of 68743933?
False
Does 6 divide 969505429?
False
Is 512 a factor of 29627392?
True
Is 69911448 a multiple of 493?
False
Is 64585611 a multiple of 1998?
False
Is 375 a factor of 831326355?
False
Is 107689504 a multiple of 8?
True
Does 571 divide 1032686047?
True
Does 827 divide 69986529?
True
Is 30577221 a multiple of 849?
False
Is 23674733 a multiple of 3?
False
Is 4265491 a multiple of 3?
False
Is 9520107 a multiple of 7?
False
Is 521 a factor of 3026850?
False
Is 161 a factor of 29977556?
True
Is 972 a factor of 109810728?
True
Is 67639751 a multiple of 765?
False
Does 122 divide 17204196?
True
Is 14 a factor of 234901648?
False
Does 2810 divide 198138720?
True
Is 1985 a factor of 371327136?
False
Is 4440181 a multiple of 236?
False
Is 1596350430 a multiple of 1047?
True
Does 353 divide 145190312?
True
Does 137 divide 7298976?
False
Is 1070 a factor of 153230118?
False
Is 26111486 a multiple of 43?
False
Does 3 divide 9379365?
True
Does 37 divide 1763365?
False
Is 1614577 a multiple of 2?
False
Does 1518 divide 295803552?
True
Is 441388790 a multiple of 855?
False
Is 1110739228 a multiple of 412?
True
Is 1260 a factor of 60746820?
False
Is 227709081 a multiple of 868?
False
Is 696 a factor of 90069863?
False
Is 27 a factor of 9299205?
True
Is 6937846 a multiple of 24?
False
Is 305 a factor of 4813154?
False
Is 9 a factor of 158748912?
True
Is 64 a factor of 299954944?
True
Is 21227285 a multiple of 745?
True
Is 28246654 a multiple of 16?
False
Is 13555092 a multiple of 123?
True
Does 1290 divide 56264640?
True
Is 2793 a factor of 322785564?
False
Does 21 divide 747709074?
True
Is 187 a factor of 158293256?
True
Does 8 divide 31329089?
False
Is 38 a factor of 1412020340?
True
Does 215 divide 502797280?
True
Is 2255195032 a multiple of 410?
False
Does 1251 divide 9591417?
True
Is 1551 a factor of 795414840?
True
Is 396 a factor of 487613808?
True
Is 6 a factor of 39001429?
False
Is 4090866 a multiple of 1592?
False
Is 31 a factor of 28016186?
False
Is 633675800 a multiple of 40?
True
Does 12 divide 717654?
False
Is 68 a factor of 23525039?
False
Is 13387484 a multiple of 1964?
False
Is 215 a factor of 24417765?
True
Is 1770 a factor of 832635436?
False
Is 3275 a factor of 25689100?
True
Is 236 a factor of 22871307?
False
Is 24 a factor of 90992844?
False
Is 369641053 a multiple of 48?
False
Is 9556155 a multiple of 21?
True
Does 16 divide 52585696?
True
Is 2834263489 a multiple of 11?
False
Does 343 divide 59219195?
False
Is 14 a factor of 55483222?
False
Is 16893800 a multiple of 308?
True
Is 24821600 a multiple of 355?
True
Does 77 divide 12181169?
True
Does 101 divide 10430004?
False
Is 240162585 a multiple of 39?
True
Is 62 a factor of 19136236?
False
Does 41 divide 178760604?
False
Does 17 divide 170287912?
True
Does 252 divide 32490612?
True
Is 22 a factor of 92507809?
False
Is 324 a factor of 20929633?
False
Is 625 a factor of 222925625?
True
Is 18712432 a multiple of 4?
True
Is 15906646 a multiple of 194?
False
Is 21 a factor of 162635130?
True
Is 4868117 a multiple of 213?
False
Is 727 a factor of 55221466?
True
Is 148932733 a multiple of 2101?
False
Is 90 a factor of 35312780?
False
Is 94917 a multiple of 87?
True
Is 175 a factor of 461812750?
True
Does 23 divide 2579224993?
False
Is 2543 a factor of 181188750?
True
Is 95600415 a multiple of 980?
False
Is 3079982565 a multiple of 33?
True
Is 23 a factor of 543766?
True
Is 31061787 even?
False
Is 4 a factor of 35363284?
True
Is 10 a factor of 28392443?
False
Does 56 divide 11684736?
True
Does 21 divide 74043648?
True
Does 44 divide 45026580?
False
Is 75058585 a multiple of 22?
False
Does 1193 divide 17160112?
True
Is 110223654 a multiple of 2409?
False
Does 504 divide 7981518?
False
Is 52 a factor of 75178532?
True
Is 75 a factor of 18857310?
False
Does 9780 divide 438065760?
True
Does 4 divide 590510?
False
Does 854 divide 2362152513?
False
Is 10621183 a multiple of 36?
False
Is 1164 a factor of 74540232?
True
Is 153925305 a multiple of 3?
True
Does 377 divide 63607272?
False
Does 134 divide 122244015?
False
Is 153 a factor of 300151575?
True
Does 54 divide 98518032?
True
Is 45 a factor of 43691533?
False
Is 726 a factor of 24300672?
True
Is 16689577 a multiple of 12?
False
Does 37 divide 88795820?
False
Is 15018540 a multiple of 92?
True
Does 14 divide 202666212?
True
Is 44477114 a multiple of 11?
True
Is 2923 a factor of 8805730?
False
Is 17866018 a multiple of 151?
True
Does 64 divide 8645471?
False
Is 272 a factor of 3529176?
False
Does 7522 divide 451131950?
True
Is 69487661 a multiple of 41?
True
Does 242 divide 50011720?
True
Is 8039887665 a multiple of 15?
True
Does 2922 divide 19705968?
True
Is 3550 a factor of 245427109?
False
Is 80324592 a multiple of 34?
True
Does 35 divide 6999650?
True
Is 31873381 a multiple of 7?
False
Is 13 a factor of 2143752?
True
Does 116 divide 60879120?
True
Is 35912298 a multiple of 762?
True
Does 302 divide 2238374002?
False
Is 5977280 even?
True
Does 348 divide 1491027228?
True
Does 9 divide 569648714?
False
Is 297273518 a multiple of 117?
False
Is 20787861 a multiple of 282?
False
Is 422570995 a multiple of 55?
True
Is 82 a factor of 9334035?
False
Is 16 a factor of 76867418?
False
Is 258 a factor of 123445260?
True
Does 21 divide 444236184?
True
Is 401588932 a multiple of 20?
False
Does 10 divide 28176331?
False
Is 1401774912 a multiple of 144?
True
Does 244 divide 1147304829?
False
Does 637 divide 11236680?
True
Is 27328500 a multiple of 450?
True
Is 1411 a factor of 21538120?
False
Is 14120190 a multiple of 181?
False
Is 3502746526 a multiple of 84?
False
Is 479 a factor of 1228474056?
True
Is 106458866 a multiple of 11634?
False
Is 172 a factor of 194358452?
True
Does 14 divide 429004721?
False
Does 81 divide 21543844?
False
Does 4 divide 152679916?
True
Is 10178307 a multiple of 89?
True
Is 5 a factor of 51438590?
True
Is 905 a factor of 40380738?
False
Does 7 divide 1402501590?
True
Does 12 divide 773681?
False
Is 340 a factor of 422040640?
True
Does 139 divide 793192541?
False
Is 3785 a factor of 176837124?
False
Is 5 a factor of 4964065?
True
Is 178448252 a multiple of 289?
True
Is 16929669 a multiple of 389?
True
Is 96 a factor of 23808096?
True
Is 28479485 a multiple of 50?
False
Does 16 divide 2443195136?
True
Does 21 divide 73214657?
False
Is 15 a factor of 411108105?
True
Is 3842 a factor of 90071848?
True
Is 38246040 a multiple of 945?
True
Is 18 a factor of 122101973?
False
Is 27 a factor of 2891430?
True
Is 52771905 a multiple of 405?
True
Does 2 divide 165882505?
False
Does 130 divide 401111490?
True
Is 328675897 a multiple of 66?
False
Is 3296887891 a multiple of 32?
False
Is 172531852 a multiple of 1785?
False
Is 1807920 a multiple of 5?
True
Does 17 divi